{"id":96,"date":"2023-05-22T13:27:51","date_gmt":"2023-05-22T11:27:51","guid":{"rendered":"http:\/\/shop-parkett-herter.medienplaner.de\/?post_type=product&#038;p=96"},"modified":"2023-05-25T13:46:54","modified_gmt":"2023-05-25T11:46:54","slug":"wischpflege-ecoline","status":"publish","type":"product","link":"https:\/\/parkett-herter.de\/shop\/produkt\/wischpflege-ecoline\/","title":{"rendered":"Wischpflege EcoLine"},"content":{"rendered":"<p>Datenblatt: <a href=\"http:\/\/shop-parkett-herter.medienplaner.de\/wp-content\/uploads\/2023\/05\/Wischpflege-EcoLine-auch-im-Pflegeset-enthalten.pdf\">Wischpflege EcoLine (auch im Pflegeset enthalten)<\/a><\/p>\n","protected":false},"excerpt":{"rendered":"<p>Unterhaltsreiniger f\u00fcr natur ge\u00f6lte Oberfl\u00e4chen<\/p>\n","protected":false},"featured_media":141,"template":"","meta":{"inline_featured_image":false,"_themeisle_gutenberg_block_has_review":false},"product_brand":[],"product_cat":[18,17],"product_tag":[],"class_list":{"0":"post-96","1":"product","2":"type-product","3":"status-publish","4":"has-post-thumbnail","6":"product_cat-pflegeserie-fuer-pure-geoelte-oberflaechen","7":"product_cat-pflegeserie-fuer-pure-versiegelte-oberflaechen","8":"post","9":"ws-product--style-2","11":"first","12":"instock","13":"taxable","14":"shipping-taxable","15":"purchasable","16":"product-type-simple"},"_links":{"self":[{"href":"https:\/\/parkett-herter.de\/shop\/wp-json\/wp\/v2\/product\/96","targetHints":{"allow":["GET"]}}],"collection":[{"href":"https:\/\/parkett-herter.de\/shop\/wp-json\/wp\/v2\/product"}],"about":[{"href":"https:\/\/parkett-herter.de\/shop\/wp-json\/wp\/v2\/types\/product"}],"wp:featuredmedia":[{"embeddable":true,"href":"https:\/\/parkett-herter.de\/shop\/wp-json\/wp\/v2\/media\/141"}],"wp:attachment":[{"href":"https:\/\/parkett-herter.de\/shop\/wp-json\/wp\/v2\/media?parent=96"}],"wp:term":[{"taxonomy":"product_brand","embeddable":true,"href":"https:\/\/parkett-herter.de\/shop\/wp-json\/wp\/v2\/product_brand?post=96"},{"taxonomy":"product_cat","embeddable":true,"href":"https:\/\/parkett-herter.de\/shop\/wp-json\/wp\/v2\/product_cat?post=96"},{"taxonomy":"product_tag","embeddable":true,"href":"https:\/\/parkett-herter.de\/shop\/wp-json\/wp\/v2\/product_tag?post=96"}],"curies":[{"name":"wp","href":"https:\/\/api.w.org\/{rel}","templated":true}]}}

<p>Unterhaltsreiniger für natur geölte Oberflächen</p>
